{"id":10,"date":"2018-04-08T13:00:16","date_gmt":"2018-04-08T13:00:16","guid":{"rendered":"https:\/\/birlikipambalaj.com\/?post_type=product&#038;p=10"},"modified":"2021-02-08T11:31:15","modified_gmt":"2021-02-08T11:31:15","slug":"branda","status":"publish","type":"product","link":"https:\/\/birlikipambalaj.com\/?product=branda","title":{"rendered":"Lamineli Branda"},"content":{"rendered":"","protected":false},"excerpt":{"rendered":"<table>\n<thead>\n<tr>\n<th>EBAT<\/th>\n<th>RENK<\/th>\n<\/tr>\n<\/thead>\n<tbody>\n<tr>\n<td>2*4<\/td>\n<td>MAV\u0130<\/td>\n<\/tr>\n<tr>\n<td>3*5<\/td>\n<td>MAV\u0130<\/td>\n<\/tr>\n<tr>\n<td>4*5<\/td>\n<td>MAV\u0130<\/td>\n<\/tr>\n<tr>\n<td>5*5<\/td>\n<td>MAV\u0130<\/td>\n<\/tr>\n<tr>\n<td>5*6<\/td>\n<td>MAV\u0130<\/td>\n<\/tr>\n<tr>\n<td>5*7<\/td>\n<td>BEYAZ<\/td>\n<\/tr>\n<tr>\n<td>6*8<\/td>\n<td>MAV\u0130<\/td>\n<\/tr>\n<tr>\n<td>6*10<\/td>\n<td>MAV\u0130<\/td>\n<\/tr>\n<tr>\n<td>6*12<\/td>\n<td>MAV\u0130<\/td>\n<\/tr>\n<tr>\n<td>8*10<\/td>\n<td>MAV\u0130<\/td>\n<\/tr>\n<tr>\n<td>10*12<\/td>\n<td>MAV\u0130<\/td>\n<\/tr>\n<tr>\n<td>12*15<\/td>\n<td>MAV\u0130<\/td>\n<\/tr>\n<tr>\n<td>12*20<\/td>\n<td>MAV\u0130<\/td>\n<\/tr>\n<\/tbody>\n<\/table>\n<p>&nbsp;<\/p>\n<p>T\u00fcm Lamineli Brandalar <b>140 Gr\/M<sup>2<\/sup><\/b> olup d\u00f6rt kenar\u0131 da kaps\u00fcll\u00fcd\u00fcr.<\/p>\n<p>&nbsp;<\/p>\n<p>&nbsp;<\/p>\n","protected":false},"featured_media":386,"template":"","meta":[],"product_cat":[16],"product_tag":[],"_links":{"self":[{"href":"https:\/\/birlikipambalaj.com\/index.php?rest_route=\/wp\/v2\/product\/10"}],"collection":[{"href":"https:\/\/birlikipambalaj.com\/index.php?rest_route=\/wp\/v2\/product"}],"about":[{"href":"https:\/\/birlikipambalaj.com\/index.php?rest_route=\/wp\/v2\/types\/product"}],"wp:featuredmedia":[{"embeddable":true,"href":"https:\/\/birlikipambalaj.com\/index.php?rest_route=\/wp\/v2\/media\/386"}],"wp:attachment":[{"href":"https:\/\/birlikipambalaj.com\/index.php?rest_route=%2Fwp%2Fv2%2Fmedia&parent=10"}],"wp:term":[{"taxonomy":"product_cat","embeddable":true,"href":"https:\/\/birlikipambalaj.com\/index.php?rest_route=%2Fwp%2Fv2%2Fproduct_cat&post=10"},{"taxonomy":"product_tag","embeddable":true,"href":"https:\/\/birlikipambalaj.com\/index.php?rest_route=%2Fwp%2Fv2%2Fproduct_tag&post=10"}],"curies":[{"name":"wp","href":"https:\/\/api.w.org\/{rel}","templated":true}]}}