{"id":54,"date":"2018-04-08T14:00:31","date_gmt":"2018-04-08T14:00:31","guid":{"rendered":"https:\/\/birlikipambalaj.com\/?post_type=product&#038;p=54"},"modified":"2018-04-13T12:44:36","modified_gmt":"2018-04-13T12:44:36","slug":"cuval-agzi-ipi","status":"publish","type":"product","link":"https:\/\/birlikipambalaj.com\/?product=cuval-agzi-ipi","title":{"rendered":"\u00c7uval A\u011fz\u0131 \u0130pi"},"content":{"rendered":"","protected":false},"excerpt":{"rendered":"<p>KOD: 103 \u00c7UVALA\u011eZI \u0130P\u0130<br \/>\nA\u011f\u0131rl\u0131k: 1.10 gr<br \/>\nUzunluk: 900 metre\/kg<br \/>\nKopma Mukavemeti: 40 kg<\/p>\n","protected":false},"featured_media":371,"template":"","meta":[],"product_cat":[16,19],"product_tag":[],"_links":{"self":[{"href":"https:\/\/birlikipambalaj.com\/index.php?rest_route=\/wp\/v2\/product\/54"}],"collection":[{"href":"https:\/\/birlikipambalaj.com\/index.php?rest_route=\/wp\/v2\/product"}],"about":[{"href":"https:\/\/birlikipambalaj.com\/index.php?rest_route=\/wp\/v2\/types\/product"}],"wp:featuredmedia":[{"embeddable":true,"href":"https:\/\/birlikipambalaj.com\/index.php?rest_route=\/wp\/v2\/media\/371"}],"wp:attachment":[{"href":"https:\/\/birlikipambalaj.com\/index.php?rest_route=%2Fwp%2Fv2%2Fmedia&parent=54"}],"wp:term":[{"taxonomy":"product_cat","embeddable":true,"href":"https:\/\/birlikipambalaj.com\/index.php?rest_route=%2Fwp%2Fv2%2Fproduct_cat&post=54"},{"taxonomy":"product_tag","embeddable":true,"href":"https:\/\/birlikipambalaj.com\/index.php?rest_route=%2Fwp%2Fv2%2Fproduct_tag&post=54"}],"curies":[{"name":"wp","href":"https:\/\/api.w.org\/{rel}","templated":true}]}}